{"id":8,"date":"2010-03-15T09:17:29","date_gmt":"2010-03-15T09:17:29","guid":{"rendered":"http:\/\/www.primariarovinari.ro\/?page_id=8"},"modified":"2019-09-18T21:12:33","modified_gmt":"2019-09-18T18:12:33","slug":"orase-infratite","status":"publish","type":"page","link":"https:\/\/primariarovinari.ro\/old\/orasul-rovinari\/orase-infratite\/","title":{"rendered":"Ora\u015fe \u00cenfr\u0103\u0163ite"},"content":{"rendered":"<p style=\"text-align: center;\"><strong>Proiect de \u00eenfratire \u00eentre ora\u015ful Rovinari \u015fi ora\u015ful Turek din Polonia<\/strong><\/p>\n<p style=\"text-align: center;\"><a href=\"http:\/\/www.miastoturek.pl\/content.php?sid=3b818246e5ea3c44df437c7a6e1bcb65&amp;cms_id=327\" target=\"_blank\" rel=\"noopener\">Click aici pentru site-ul ora\u015fului Turek <\/a><\/p>\n<p style=\"text-align: justify;\">Plec\u00e2nd de la acelea\u015fi domenii de activitate \u015fi \u00eendeletniciri, \u00een urma unei scurte vizite a unei delega\u0163ii poloneze \u00een bazinul carbonifer \u015fi vizit\u00e2nd ora\u015ful Rovinari, reprezentan\u0163ii prim\u0103riilor din Turek \u015fi din Rovinari au propus o colaborare \u00eentre cele dou\u0103 ora\u015fe \u015fi o mai bun\u0103 cunoa\u015ftere care s\u0103 se finalizeze \u00eentr-un proiect de \u00eenfr\u0103\u0163ire care s\u0103 lege cele dou\u0103 localit\u0103\u0163i. Consiliul Local \u015fi Prim\u0103ria Rovinari au participat la aceast\u0103 \u00eent\u00e2lnire, pun\u00e2nd pecetea acestei \u00eenfr\u0103\u0163iri, afirm\u00e2nd c\u0103: &#8222;Turek este un ora\u015f care dateaz\u0103 din 1341 \u015fi av\u00e2nd o popula\u0163ie de 38.000 locuitori,poate fi un model demn de urmat pentru&nbsp;ora\u015ful nostru&#8221;.<\/p>\n<p style=\"text-align: justify;\">Ratificarea acestei \u00een\u0163elegeri a avut loc \u00een perioada 11 &#8211; 14 septembrie 2008 \u00een Polonia, la \u00eent\u00e2lnirea care a avut ca tem\u0103 &#8222;Forumul interna\u0163ional al municipalit\u0103\u0163ilor\u201d, care a reunit mai mul\u0163i reprezentan\u0163i din \u0163\u0103rile vecine. De men\u0163ionat faptul c\u0103 ora\u015ful Rovinari a cunoscut o real\u0103 schimbare abia \u00een ultimii patru ani, ceea ce a f\u0103cut ca alte localit\u0103\u0163i din \u0163\u0103ri vecine s\u0103 \u00ee\u015fi \u00eendrepte aten\u0163ia spre o colaborare cu ora\u015ful nostru destul de t\u00e2rziu, dar \u00een prezent se continu\u0103 transform\u0103rile \u015fi dezvoltarea nivelului economic, social \u015fi infrastructur\u0103.<\/p>\n<p style=\"text-align: justify;\">\u00cenfr\u0103\u0163irea celor dou\u0103 ora\u015fe, dorim s\u0103 fie un pas \u00eenainte spre dezvoltarea bilateral\u0103 a celor dou\u0103 localit\u0103\u0163i, \u0163in\u00e2nd cont c\u0103 ambele ora\u015fe sunt sus\u0163inute de o puternic\u0103 activitate minier\u0103.<\/p>\n<p><strong><br \/>\n<\/strong><\/p>\n","protected":false},"excerpt":{"rendered":"<p>Proiect de \u00eenfratire \u00eentre ora\u015ful Rovinari \u015fi ora\u015ful Turek din Polonia Click aici pentru site-ul ora\u015fului Turek Plec\u00e2nd de la acelea\u015fi domenii de activitate \u015fi \u00eendeletniciri, \u00een urma unei scurte vizite a unei delega\u0163ii poloneze \u00een bazinul carbonifer \u015fi vizit\u00e2nd ora\u015ful Rovinari, reprezentan\u0163ii prim\u0103riilor din Turek \u015fi din Rovinari au propus o colaborare \u00eentre cele [&hellip;]<\/p>\n","protected":false},"author":1001008,"featured_media":0,"parent":12,"menu_order":3,"comment_status":"open","ping_status":"open","template":"","meta":{"ngg_post_thumbnail":0,"footnotes":""},"class_list":["post-8","page","type-page","status-publish","hentry"],"_links":{"self":[{"href":"https:\/\/primariarovinari.ro\/old\/wp-json\/wp\/v2\/pages\/8","targetHints":{"allow":["GET"]}}],"collection":[{"href":"https:\/\/primariarovinari.ro\/old\/wp-json\/wp\/v2\/pages"}],"about":[{"href":"https:\/\/primariarovinari.ro\/old\/wp-json\/wp\/v2\/types\/page"}],"author":[{"embeddable":true,"href":"https:\/\/primariarovinari.ro\/old\/wp-json\/wp\/v2\/users\/1001008"}],"replies":[{"embeddable":true,"href":"https:\/\/primariarovinari.ro\/old\/wp-json\/wp\/v2\/comments?post=8"}],"version-history":[{"count":0,"href":"https:\/\/primariarovinari.ro\/old\/wp-json\/wp\/v2\/pages\/8\/revisions"}],"up":[{"embeddable":true,"href":"https:\/\/primariarovinari.ro\/old\/wp-json\/wp\/v2\/pages\/12"}],"wp:attachment":[{"href":"https:\/\/primariarovinari.ro\/old\/wp-json\/wp\/v2\/media?parent=8"}],"curies":[{"name":"wp","href":"https:\/\/api.w.org\/{rel}","templated":true}]}}

Oraşe Înfrăţite

<p style="text-align: center;"><strong>Proiect de înfratire între oraşul Rovinari şi oraşul Turek din Polonia</strong></p>
<p style="text-align: center;"><a href="http://www.miastoturek.pl/content.php?sid=3b818246e5ea3c44df437c7a6e1bcb65&amp;cms_id=327" target="_blank" rel="noopener">Click aici pentru site-ul oraşului Turek </a></p>
<p style="text-align: justify;">Plecând de la aceleaşi domenii de activitate şi îndeletniciri, în urma unei scurte vizite a unei delegaţii poloneze în bazinul carbonifer şi vizitând oraşul Rovinari, reprezentanţii primăriilor din Turek şi din Rovinari au propus o colaborare între cele două oraşe şi o mai bună cunoaştere care să se finalizeze într-un proiect de înfrăţire care să lege cele două localităţi. Consiliul Local şi Primăria Rovinari au participat la această întâlnire, punând pecetea acestei înfrăţiri, afirmând că: &#8222;Turek este un oraş care datează din 1341 şi având o populaţie de 38.000 locuitori,poate fi un model demn de urmat pentru&nbsp;oraşul nostru&#8221;.</p>
<p style="text-align: justify;">Ratificarea acestei înţelegeri a avut loc în perioada 11 &#8211; 14 septembrie 2008 în Polonia, la întâlnirea care a avut ca temă &#8222;Forumul internaţional al municipalităţilor”, care a reunit mai mulţi reprezentanţi din ţările vecine. De menţionat faptul că oraşul Rovinari a cunoscut o reală schimbare abia în ultimii patru ani, ceea ce a făcut ca alte localităţi din ţări vecine să îşi îndrepte atenţia spre o colaborare cu oraşul nostru destul de târziu, dar în prezent se continuă transformările şi dezvoltarea nivelului economic, social şi infrastructură.</p>
<p style="text-align: justify;">Înfrăţirea celor două oraşe, dorim să fie un pas înainte spre dezvoltarea bilaterală a celor două localităţi, ţinând cont că ambele oraşe sunt susţinute de o puternică activitate minieră.</p>
<p><strong><br />
</strong></p>

<p>Proiect de înfratire între oraşul Rovinari şi oraşul Turek din Polonia Click aici pentru site-ul oraşului Turek Plecând de la aceleaşi domenii de activitate şi îndeletniciri, în urma unei scurte vizite a unei delegaţii poloneze în bazinul carbonifer şi vizitând oraşul Rovinari, reprezentanţii primăriilor din Turek şi din Rovinari au propus o colaborare între cele [&hellip;]</p>
