{"id":61,"date":"2022-10-15T08:15:01","date_gmt":"2022-10-15T05:15:01","guid":{"rendered":"http:\/\/www.primariarovinari.ro\/?page_id=61"},"modified":"2024-10-15T11:57:14","modified_gmt":"2024-10-15T08:57:14","slug":"comisii-de-lucru","status":"publish","type":"page","link":"https:\/\/primariarovinari.ro\/old\/consiliul-local\/comisii-de-lucru\/","title":{"rendered":"Comisii de lucru"},"content":{"rendered":"<h1 style=\"text-align: center;\"><strong>&nbsp; &nbsp; &nbsp; &nbsp; Comisiile de specialitate ale Cosiliului Local Rovinari<\/strong><\/h1>\n<h2><strong>Comisia pentru activit\u0103\u0163i economico-financiare:<\/strong><\/h2>\n<ul>\n<li>\n<h3>&nbsp;Cr\u0103c Vasile Gabriel<\/h3>\n<\/li>\n<li>\n<h3>&nbsp; Preda Ionel<\/h3>\n<\/li>\n<li>\n<h3>&nbsp; N\u0103stase Daniela<\/h3>\n<\/li>\n<li>\n<h3>Ciop\u0103noiu Ion<\/h3>\n<\/li>\n<li>\n<h3>&nbsp; Pistolea Constantin<\/h3>\n<\/li>\n<li>\n<h3>&nbsp; Iordache Ileana<\/h3>\n<\/li>\n<li>\n<h3>B\u00eesc\u0103 Remus-Alin<\/h3>\n<\/li>\n<li>\n<h3>Du\u021b\u0103 Nelu-Alin<\/h3>\n<\/li>\n<li>\n<h3>\u021aavoc Abandor-Lauren\u021biu<\/h3>\n<\/li>\n<\/ul>\n<h2><strong>Comisia juridic\u0103 \u0219i de disciplin\u0103, activit\u0103\u021bi social-culturale, culte, \u00eenv\u0103\u021b\u0103m\u00e2nt, s\u0103n\u0103tate \u0219i familie, munc\u0103 \u0219i protec\u021bie social\u0103:<\/strong><strong>&nbsp;<\/strong><\/h2>\n<ul>\n<li>\n<h3>Ungureanu Dumitru-Florian<\/h3>\n<\/li>\n<li>\n<h3>Barbonie Adriana;<\/h3>\n<\/li>\n<li>\n<h3>Vulpe Mirel;<\/h3>\n<\/li>\n<li>\n<h3>Voinescu Radu;<\/h3>\n<\/li>\n<li>\n<h3>C\u00eerpici Petric\u0103-Marius;<\/h3>\n<\/li>\n<li>\n<h3>Braia Constantin-Cosmin;<\/h3>\n<\/li>\n<li>\n<h3>D\u0103mian Bogdan-Mihai;<\/h3>\n<\/li>\n<li>\n<h3>\u021aavoc Abandor-Lauren\u021biu<\/h3>\n<\/li>\n<\/ul>\n<h2><strong>Comisia pentru activit\u0103\u0163i amenajarea teritoriului \u015fi urbanism, agricultur\u0103, protec\u0163ia mediului \u015fi turism&nbsp;:<\/strong><\/h2>\n<ul>\n<li>\n<h3>Preda Ionel<\/h3>\n<\/li>\n<li>\n<h3>Ungureanu Dumitru-Florian<\/h3>\n<\/li>\n<li>\n<h3>D\u0103mian Bogdan-Mihai<\/h3>\n<\/li>\n<li>\n<h3>Vulpe Mirel<\/h3>\n<\/li>\n<li>\n<h3>Voinescu Radu<\/h3>\n<\/li>\n<li>\n<h3>C\u00eerpici Petric\u0103-Marius<\/h3>\n<\/li>\n<li>\n<h3>Braia Constantin-Cosmin<\/h3>\n<\/li>\n<li>\n<h3>Iordache Ileana<\/h3>\n<\/li>\n<\/ul>\n<h3 style=\"text-align: left;\">&nbsp;<\/h3>\n","protected":false},"excerpt":{"rendered":"<p>&nbsp; &nbsp; &nbsp; &nbsp; Comisiile de specialitate ale Cosiliului Local Rovinari Comisia pentru activit\u0103\u0163i economico-financiare: &nbsp;Cr\u0103c Vasile Gabriel &nbsp; Preda Ionel &nbsp; N\u0103stase Daniela Ciop\u0103noiu Ion &nbsp; Pistolea Constantin &nbsp; Iordache Ileana B\u00eesc\u0103 Remus-Alin Du\u021b\u0103 Nelu-Alin \u021aavoc Abandor-Lauren\u021biu Comisia juridic\u0103 \u0219i de disciplin\u0103, activit\u0103\u021bi social-culturale, culte, \u00eenv\u0103\u021b\u0103m\u00e2nt, s\u0103n\u0103tate \u0219i familie, munc\u0103 \u0219i protec\u021bie social\u0103:&nbsp; Ungureanu [&hellip;]<\/p>\n","protected":false},"author":1001018,"featured_media":0,"parent":58,"menu_order":2,"comment_status":"open","ping_status":"closed","template":"","meta":{"ngg_post_thumbnail":0,"footnotes":""},"class_list":["post-61","page","type-page","status-publish","hentry"],"_links":{"self":[{"href":"https:\/\/primariarovinari.ro\/old\/wp-json\/wp\/v2\/pages\/61","targetHints":{"allow":["GET"]}}],"collection":[{"href":"https:\/\/primariarovinari.ro\/old\/wp-json\/wp\/v2\/pages"}],"about":[{"href":"https:\/\/primariarovinari.ro\/old\/wp-json\/wp\/v2\/types\/page"}],"author":[{"embeddable":true,"href":"https:\/\/primariarovinari.ro\/old\/wp-json\/wp\/v2\/users\/1001018"}],"replies":[{"embeddable":true,"href":"https:\/\/primariarovinari.ro\/old\/wp-json\/wp\/v2\/comments?post=61"}],"version-history":[{"count":0,"href":"https:\/\/primariarovinari.ro\/old\/wp-json\/wp\/v2\/pages\/61\/revisions"}],"up":[{"embeddable":true,"href":"https:\/\/primariarovinari.ro\/old\/wp-json\/wp\/v2\/pages\/58"}],"wp:attachment":[{"href":"https:\/\/primariarovinari.ro\/old\/wp-json\/wp\/v2\/media?parent=61"}],"curies":[{"name":"wp","href":"https:\/\/api.w.org\/{rel}","templated":true}]}}

<h1 style="text-align: center;"><strong>&nbsp; &nbsp; &nbsp; &nbsp; Comisiile de specialitate ale Cosiliului Local Rovinari</strong></h1>
<h2><strong>Comisia pentru activităţi economico-financiare:</strong></h2>
<ul>
<li>
<h3>&nbsp;Crăc Vasile Gabriel</h3>
</li>
<li>
<h3>&nbsp; Preda Ionel</h3>
</li>
<li>
<h3>&nbsp; Năstase Daniela</h3>
</li>
<li>
<h3>Ciopănoiu Ion</h3>
</li>
<li>
<h3>&nbsp; Pistolea Constantin</h3>
</li>
<li>
<h3>&nbsp; Iordache Ileana</h3>
</li>
<li>
<h3>Bîscă Remus-Alin</h3>
</li>
<li>
<h3>Duță Nelu-Alin</h3>
</li>
<li>
<h3>Țavoc Abandor-Laurențiu</h3>
</li>
</ul>
<h2><strong>Comisia juridică și de disciplină, activități social-culturale, culte, învățământ, sănătate și familie, muncă și protecție socială:</strong><strong>&nbsp;</strong></h2>
<ul>
<li>
<h3>Ungureanu Dumitru-Florian</h3>
</li>
<li>
<h3>Barbonie Adriana;</h3>
</li>
<li>
<h3>Vulpe Mirel;</h3>
</li>
<li>
<h3>Voinescu Radu;</h3>
</li>
<li>
<h3>Cîrpici Petrică-Marius;</h3>
</li>
<li>
<h3>Braia Constantin-Cosmin;</h3>
</li>
<li>
<h3>Dămian Bogdan-Mihai;</h3>
</li>
<li>
<h3>Țavoc Abandor-Laurențiu</h3>
</li>
</ul>
<h2><strong>Comisia pentru activităţi amenajarea teritoriului şi urbanism, agricultură, protecţia mediului şi turism&nbsp;:</strong></h2>
<ul>
<li>
<h3>Preda Ionel</h3>
</li>
<li>
<h3>Ungureanu Dumitru-Florian</h3>
</li>
<li>
<h3>Dămian Bogdan-Mihai</h3>
</li>
<li>
<h3>Vulpe Mirel</h3>
</li>
<li>
<h3>Voinescu Radu</h3>
</li>
<li>
<h3>Cîrpici Petrică-Marius</h3>
</li>
<li>
<h3>Braia Constantin-Cosmin</h3>
</li>
<li>
<h3>Iordache Ileana</h3>
</li>
</ul>
<h3 style="text-align: left;">&nbsp;</h3>

<p>&nbsp; &nbsp; &nbsp; &nbsp; Comisiile de specialitate ale Cosiliului Local Rovinari Comisia pentru activităţi economico-financiare: &nbsp;Crăc Vasile Gabriel &nbsp; Preda Ionel &nbsp; Năstase Daniela Ciopănoiu Ion &nbsp; Pistolea Constantin &nbsp; Iordache Ileana Bîscă Remus-Alin Duță Nelu-Alin Țavoc Abandor-Laurențiu Comisia juridică și de disciplină, activități social-culturale, culte, învățământ, sănătate și familie, muncă și protecție socială:&nbsp; Ungureanu [&hellip;]</p>
