{"id":102,"date":"2025-07-25T09:11:39","date_gmt":"2025-07-25T06:11:39","guid":{"rendered":"http:\/\/www.primariarovinari.ro\/?page_id=102"},"modified":"2025-07-25T12:35:35","modified_gmt":"2025-07-25T09:35:35","slug":"program-de-audiente","status":"publish","type":"page","link":"https:\/\/primariarovinari.ro\/old\/evidenta-persoanelor\/program-de-audiente\/","title":{"rendered":"Program de audien\u0163e"},"content":{"rendered":"<h1 style=\"text-align: center;\"><strong>Program de audien\u0163e &#8211; \u00een fiecare zi de joi \u00eentre orele 10<sup>00<\/sup> &#8211; 12<sup>00<\/sup><\/strong><\/h1>\n<h1 style=\"text-align: center;\"><strong>cons. Maria Latu , Coordonator &#8211; \u00cendrum\u0103tor Serviciu Public Comunitar Local de Eviden\u0163\u0103 a Persoanelor Rovinari<\/strong><\/h1>\n<h1><strong>Telefon: 0253.371.529<\/strong><\/h1>\n","protected":false},"excerpt":{"rendered":"<p>Program de audien\u0163e &#8211; \u00een fiecare zi de joi \u00eentre orele 1000 &#8211; 1200 cons. Maria Latu , Coordonator &#8211; \u00cendrum\u0103tor Serviciu Public Comunitar Local de Eviden\u0163\u0103 a Persoanelor Rovinari Telefon: 0253.371.529<\/p>\n","protected":false},"author":1001008,"featured_media":0,"parent":69,"menu_order":2,"comment_status":"open","ping_status":"open","template":"","meta":{"ngg_post_thumbnail":0,"footnotes":""},"class_list":["post-102","page","type-page","status-publish","hentry"],"_links":{"self":[{"href":"https:\/\/primariarovinari.ro\/old\/wp-json\/wp\/v2\/pages\/102","targetHints":{"allow":["GET"]}}],"collection":[{"href":"https:\/\/primariarovinari.ro\/old\/wp-json\/wp\/v2\/pages"}],"about":[{"href":"https:\/\/primariarovinari.ro\/old\/wp-json\/wp\/v2\/types\/page"}],"author":[{"embeddable":true,"href":"https:\/\/primariarovinari.ro\/old\/wp-json\/wp\/v2\/users\/1001008"}],"replies":[{"embeddable":true,"href":"https:\/\/primariarovinari.ro\/old\/wp-json\/wp\/v2\/comments?post=102"}],"version-history":[{"count":0,"href":"https:\/\/primariarovinari.ro\/old\/wp-json\/wp\/v2\/pages\/102\/revisions"}],"up":[{"embeddable":true,"href":"https:\/\/primariarovinari.ro\/old\/wp-json\/wp\/v2\/pages\/69"}],"wp:attachment":[{"href":"https:\/\/primariarovinari.ro\/old\/wp-json\/wp\/v2\/media?parent=102"}],"curies":[{"name":"wp","href":"https:\/\/api.w.org\/{rel}","templated":true}]}}

Program de audienţe

<h1 style="text-align: center;"><strong>Program de audienţe &#8211; în fiecare zi de joi între orele 10<sup>00</sup> &#8211; 12<sup>00</sup></strong></h1>
<h1 style="text-align: center;"><strong>cons. Maria Latu , Coordonator &#8211; Îndrumător Serviciu Public Comunitar Local de Evidenţă a Persoanelor Rovinari</strong></h1>
<h1><strong>Telefon: 0253.371.529</strong></h1>

<p>Program de audienţe &#8211; în fiecare zi de joi între orele 1000 &#8211; 1200 cons. Maria Latu , Coordonator &#8211; Îndrumător Serviciu Public Comunitar Local de Evidenţă a Persoanelor Rovinari Telefon: 0253.371.529</p>
